{"id":4735,"date":"2019-09-21T19:02:56","date_gmt":"2019-09-21T19:02:56","guid":{"rendered":"https:\/\/preview.qroo.gob.mx\/inicio\/?page_id=4735"},"modified":"2020-12-21T20:21:11","modified_gmt":"2020-12-22T01:21:11","slug":"parque-industrial-rfe","status":"publish","type":"page","link":"https:\/\/preview.qroo.gob.mx\/inicio\/index.php\/parque-industrial-rfe\/","title":{"rendered":"Parque Industrial RFE"},"content":{"rendered":"<p>[et_pb_section fb_built=&#8221;1&#8243; fullwidth=&#8221;on&#8221; _builder_version=&#8221;4.6.5&#8243; _module_preset=&#8221;default&#8221;][et_pb_ca_fullwidth_section_primary featured_image_button=&#8221;off&#8221; heading_text_color=&#8221;#FFFFFF&#8221; heading_align=&#8221;center&#8221; heading_size=&#8221;h1&#8243; _builder_version=&#8221;4.6.5&#8243; _module_preset=&#8221;default&#8221; module_text_color=&#8221;#FFFFFF&#8221; module_font_size=&#8221;20px&#8221; background_color=&#8221;rgba(0,0,0,0)&#8221; background_image=&#8221;https:\/\/preview.qroo.gob.mx\/inicio\/wp-content\/uploads\/2020\/10\/landing-header-business_qroo.png&#8221; width=&#8221;100%&#8221; height=&#8221;139px&#8221; custom_margin=&#8221;0px||||false|false&#8221; animation_style=&#8221;fade&#8221; hover_enabled=&#8221;0&#8243; custom_css_main_element=&#8221;background-size: cover;||background-repeat: no-repeat;||&#8221; box_shadow_style=&#8221;preset1&#8243; text_shadow_style=&#8221;preset1&#8243; text_shadow_blur_strength=&#8221;0.24em&#8221; text_shadow_color=&#8221;#000000&#8243; sticky_enabled=&#8221;0&#8243;]\n<h1 style=\"text-align: center;\"><span class=\"field field--name-title field--type-string field--label-hidden\">Parque Industrial RFE<\/span><\/h1>\n<p>[\/et_pb_ca_fullwidth_section_primary][\/et_pb_section][et_pb_section fb_built=&#8221;1&#8243; _builder_version=&#8221;4.6.5&#8243; _module_preset=&#8221;default&#8221;][et_pb_row _builder_version=&#8221;4.6.5&#8243; _module_preset=&#8221;default&#8221;][et_pb_column type=&#8221;4_4&#8243; _builder_version=&#8221;4.6.5&#8243; _module_preset=&#8221;default&#8221;][et_pb_image src=&#8221;https:\/\/preview.qroo.gob.mx\/inicio\/wp-content\/uploads\/2020\/12\/EA6KK-IWwAY54An-1.jpg&#8221; title_text=&#8221;EA6KK-IWwAY54An (1)&#8221; align=&#8221;center&#8221; _builder_version=&#8221;4.6.5&#8243; _module_preset=&#8221;default&#8221;][\/et_pb_image][et_pb_text _builder_version=&#8221;4.6.5&#8243; _module_preset=&#8221;default&#8221;]\n<p style=\"text-align: justify;\"><span>Con la finalidad de mantener sinergias y lazos de trabajo colaborativo, la C\u00e1mara Espa\u00f1ola de Comercio Delegaci\u00f3n Quintana Roo estuvo presente durante el inicio de las actividades de inversi\u00f3n del Parque Industrial con Recinto Fiscalizado Estrat\u00e9gico (RFE) en el Estado de Quintana Roo.\u00a0<\/span><\/p>\n<p style=\"text-align: justify;\"><span>Dicho r\u00e9gimen consistir\u00e1 en la\u00a0introducci\u00f3n\u00a0de mercanc\u00edas extranjeras, nacionales o nacionalizadas a un inmueble habilitado como RFE, convirti\u00e9ndose con ello en un objeto de manejo, almacenaje, custodia, exhibici\u00f3n, venta, distribuci\u00f3n, elaboraci\u00f3n, transformaci\u00f3n o reparaci\u00f3n, con el beneficio de no pagar los impuestos al comercio exterior ni cuotas compensatorias.<\/span><\/p>\n<p style=\"text-align: justify;\"><span>El evento cont\u00f3 con la presencia de Carlos Joaqu\u00edn Gonz\u00e1lez, Gobernador del Estado de Quintana Roo y de Rosa Elena Lozano, Secretaria de Desarrollo Econ\u00f3mico, ambos abundaron en los temas concernientes al r\u00e9gimen aduanero del Recinto Fiscalizado Estrat\u00e9gico.<\/span><\/p>\n<p style=\"text-align: justify;\"><span>En ese sentido, se destacaron algunos de los beneficios para los operadores del r\u00e9gimen de RFE siendo los m\u00e1s relevantes la aplicaci\u00f3n del 0% de impuestos al valor agregado y del Impuesto Especial sobre Producci\u00f3n y Servicios. Adem\u00e1s de aplicar el Derecho de Tramite Aduanal (DTA)\u00a0\u00a0de 1.76 al millar para activo fijo y cuota fija de $280.00 para el resto de las mercanc\u00edas.<\/span><\/p>\n<p style=\"text-align: justify;\"><span>As\u00ed como el permiso para ingresar mercanc\u00edas nacionales para almacenaje sin considerarlas exportaci\u00f3n definitiva y el obtener de manera autom\u00e1tica la pr\u00f3rroga de vigencia, previa solicitud y se incrementan los plazos para realizar rectificaci\u00f3n de origen y rectificaciones generales.\u00a0<\/span><\/p>\n<p style=\"text-align: justify;\"><span>Como punto importante se destac\u00f3 la ubicaci\u00f3n colindante del recinto fiscal ubicado en la franja fronteriza del pa\u00eds, ya que esto facilitar\u00e1 el proceso de introducci\u00f3n o extracci\u00f3n de mercanc\u00edas del comercio exterior, bajo el esquema de despacho conjunto.<\/span><\/p>\n<p style=\"text-align: justify;\"><span>De igual forma, se hizo menci\u00f3n de la inscripci\u00f3n inmediata en el padr\u00f3n de importadores de sectores espec\u00edficos una vez que las empresas\u00a0cuenten\u00a0con la autorizaci\u00f3n del operador del r\u00e9gimen de RFE.\u00a0<\/span><\/p>\n<p style=\"text-align: justify;\"><span>A su vez, la Secretaria de Desarrollo Econ\u00f3mico mencion\u00f3 la oportunidad de otorgar importantes incentivos fiscales, estatales y municipales; como: Impuestos sobre n\u00f3mina y sobre uso o tenencia vehicular, Tr\u00e1mite ante el Registro P\u00fablico de la Propiedad y del Comercio; Dictamen sanitario de establecimientos y verificaci\u00f3n sanitaria, entre otros.<\/span><\/p>\n<p>[\/et_pb_text][\/et_pb_column][\/et_pb_row][\/et_pb_section]\n","protected":false},"excerpt":{"rendered":"<p>[et_pb_section fb_built=&#8221;1&#8243; fullwidth=&#8221;on&#8221; _builder_version=&#8221;4.6.5&#8243; _module_preset=&#8221;default&#8221;][et_pb_ca_fullwidth_section_primary featured_image_button=&#8221;off&#8221; heading_text_color=&#8221;#FFFFFF&#8221; heading_align=&#8221;center&#8221; heading_size=&#8221;h1&#8243; _builder_version=&#8221;4.6.5&#8243; _module_preset=&#8221;default&#8221; module_text_color=&#8221;#FFFFFF&#8221; module_font_size=&#8221;20px&#8221; background_color=&#8221;rgba(0,0,0,0)&#8221; background_image=&#8221;https:\/\/preview.qroo.gob.mx\/inicio\/wp-content\/uploads\/2020\/10\/landing-header-business_qroo.png&#8221; width=&#8221;100%&#8221; height=&#8221;139px&#8221; custom_margin=&#8221;0px||||false|false&#8221; animation_style=&#8221;fade&#8221; hover_enabled=&#8221;0&#8243; custom_css_main_element=&#8221;background-size: cover;||background-repeat: no-repeat;||&#8221; box_shadow_style=&#8221;preset1&#8243; text_shadow_style=&#8221;preset1&#8243; text_shadow_blur_strength=&#8221;0.24em&#8221; text_shadow_color=&#8221;#000000&#8243; sticky_enabled=&#8221;0&#8243;] Parque Industrial RFE [\/et_pb_ca_fullwidth_section_primary][\/et_pb_section][et_pb_section fb_built=&#8221;1&#8243; _builder_version=&#8221;4.6.5&#8243; _module_preset=&#8221;default&#8221;][et_pb_row _builder_version=&#8221;4.6.5&#8243; _module_preset=&#8221;default&#8221;][et_pb_column type=&#8221;4_4&#8243; _builder_version=&#8221;4.6.5&#8243; _module_preset=&#8221;default&#8221;][et_pb_image src=&#8221;https:\/\/preview.qroo.gob.mx\/inicio\/wp-content\/uploads\/2020\/12\/EA6KK-IWwAY54An-1.jpg&#8221; title_text=&#8221;EA6KK-IWwAY54An (1)&#8221; align=&#8221;center&#8221; _builder_version=&#8221;4.6.5&#8243; _module_preset=&#8221;default&#8221;][\/et_pb_image][et_pb_text _builder_version=&#8221;4.6.5&#8243; _module_preset=&#8221;default&#8221;] Con la finalidad de mantener sinergias y [&hellip;]<\/p>\n","protected":false},"author":4,"featured_media":0,"parent":0,"menu_order":0,"comment_status":"closed","ping_status":"closed","template":"","meta":{"_et_pb_use_builder":"on","_et_pb_old_content":"[vc_row][vc_column][vc_column_text]\n\n<img src=\"https:\/\/pbs.twimg.com\/media\/EA6KK-IWwAY54An.jpg\" alt=\"Resultado de imagen para parque industrial RFE\" \/>\n\n[\/vc_column_text][\/vc_column][\/vc_row][vc_row][vc_column][vc_empty_space][\/vc_column][\/vc_row][vc_row][vc_column][vc_column_text]\n<p style=\"text-align: justify;\"><span style=\"font-family: futura-medium-bt; font-size: 12pt;\">Con la finalidad de mantener sinergias y lazos de trabajo colaborativo, la C\u00e1mara Espa\u00f1ola de Comercio Delegaci\u00f3n Quintana Roo estuvo presente durante el inicio de las actividades de inversi\u00f3n del Parque Industrial con Recinto Fiscalizado Estrat\u00e9gico (RFE) en el Estado de Quintana Roo.\u00a0<\/span><\/p>\n<p style=\"text-align: justify;\"><span style=\"font-family: futura-medium-bt; font-size: 12pt;\">Dicho r\u00e9gimen consistir\u00e1 en la\u00a0introducci\u00f3n\u00a0de mercanc\u00edas extranjeras, nacionales o nacionalizadas a un inmueble habilitado como RFE, convirti\u00e9ndose con ello en un objeto de manejo, almacenaje, custodia, exhibici\u00f3n, venta, distribuci\u00f3n, elaboraci\u00f3n, transformaci\u00f3n o reparaci\u00f3n, con el beneficio de no pagar los impuestos al comercio exterior ni cuotas compensatorias.<\/span><\/p>\n<p style=\"text-align: justify;\"><span style=\"font-family: futura-medium-bt; font-size: 12pt;\">El evento cont\u00f3 con la presencia de Carlos Joaqu\u00edn Gonz\u00e1lez, Gobernador del Estado de Quintana Roo y de Rosa Elena Lozano, Secretaria de Desarrollo Econ\u00f3mico, ambos abundaron en los temas concernientes al r\u00e9gimen aduanero del Recinto Fiscalizado Estrat\u00e9gico.<\/span><\/p>\n<p style=\"text-align: justify;\"><span style=\"font-family: futura-medium-bt; font-size: 12pt;\">En ese sentido, se destacaron algunos de los beneficios para los operadores del r\u00e9gimen de RFE siendo los m\u00e1s relevantes la aplicaci\u00f3n del 0% de impuestos al valor agregado y del Impuesto Especial sobre Producci\u00f3n y Servicios. Adem\u00e1s de aplicar el Derecho de Tramite Aduanal (DTA)\u00a0\u00a0de 1.76 al millar para activo fijo y cuota fija de $280.00 para el resto de las mercanc\u00edas.<\/span><\/p>\n<p style=\"text-align: justify;\"><span style=\"font-family: futura-medium-bt; font-size: 12pt;\">As\u00ed como el permiso para ingresar mercanc\u00edas nacionales para almacenaje sin considerarlas exportaci\u00f3n definitiva y el obtener de manera autom\u00e1tica la pr\u00f3rroga de vigencia, previa solicitud y se incrementan los plazos para realizar rectificaci\u00f3n de origen y rectificaciones generales.\u00a0<\/span><\/p>\n<p style=\"text-align: justify;\"><span style=\"font-family: futura-medium-bt; font-size: 12pt;\">Como punto importante se destac\u00f3 la ubicaci\u00f3n colindante del recinto fiscal ubicado en la franja fronteriza del pa\u00eds, ya que esto facilitar\u00e1 el proceso de introducci\u00f3n o extracci\u00f3n de mercanc\u00edas del comercio exterior, bajo el esquema de despacho conjunto.<\/span><\/p>\n<p style=\"text-align: justify;\"><span style=\"font-family: futura-medium-bt; font-size: 12pt;\">De igual forma, se hizo menci\u00f3n de la inscripci\u00f3n inmediata en el padr\u00f3n de importadores de sectores espec\u00edficos una vez que las empresas\u00a0cuenten\u00a0con la autorizaci\u00f3n del operador del r\u00e9gimen de RFE.\u00a0<\/span><\/p>\n<p style=\"text-align: justify;\"><span style=\"font-family: futura-medium-bt; font-size: 12pt;\">A su vez, la Secretaria de Desarrollo Econ\u00f3mico mencion\u00f3 la oportunidad de otorgar importantes incentivos fiscales, estatales y municipales; como: Impuestos sobre n\u00f3mina y sobre uso o tenencia vehicular, Tr\u00e1mite ante el Registro P\u00fablico de la Propiedad y del Comercio; Dictamen sanitario de establecimientos y verificaci\u00f3n sanitaria, entre otros.<\/span><\/p>\n<!-- \/wp:paragraph -->[\/vc_column_text][\/vc_column][\/vc_row]","_et_gb_content_width":"","pgc_sgb_lightbox_settings":"","_mc_calendar":[]},"publishpress_future_action":{"enabled":false,"date":"1969-12-31 19:00:00","action":"","terms":[],"taxonomy":"","browser_timezone_offset":0},"_links":{"self":[{"href":"https:\/\/preview.qroo.gob.mx\/inicio\/index.php\/wp-json\/wp\/v2\/pages\/4735"}],"collection":[{"href":"https:\/\/preview.qroo.gob.mx\/inicio\/index.php\/wp-json\/wp\/v2\/pages"}],"about":[{"href":"https:\/\/preview.qroo.gob.mx\/inicio\/index.php\/wp-json\/wp\/v2\/types\/page"}],"author":[{"embeddable":true,"href":"https:\/\/preview.qroo.gob.mx\/inicio\/index.php\/wp-json\/wp\/v2\/users\/4"}],"replies":[{"embeddable":true,"href":"https:\/\/preview.qroo.gob.mx\/inicio\/index.php\/wp-json\/wp\/v2\/comments?post=4735"}],"version-history":[{"count":5,"href":"https:\/\/preview.qroo.gob.mx\/inicio\/index.php\/wp-json\/wp\/v2\/pages\/4735\/revisions"}],"predecessor-version":[{"id":13931,"href":"https:\/\/preview.qroo.gob.mx\/inicio\/index.php\/wp-json\/wp\/v2\/pages\/4735\/revisions\/13931"}],"wp:attachment":[{"href":"https:\/\/preview.qroo.gob.mx\/inicio\/index.php\/wp-json\/wp\/v2\/media?parent=4735"}],"curies":[{"name":"wp","href":"https:\/\/api.w.org\/{rel}","templated":true}]}}

<p>[et_pb_section fb_built=&#8221;1&#8243; fullwidth=&#8221;on&#8221; _builder_version=&#8221;4.6.5&#8243; _module_preset=&#8221;default&#8221;][et_pb_ca_fullwidth_section_primary featured_image_button=&#8221;off&#8221; heading_text_color=&#8221;#FFFFFF&#8221; heading_align=&#8221;center&#8221; heading_size=&#8221;h1&#8243; _builder_version=&#8221;4.6.5&#8243; _module_preset=&#8221;default&#8221; module_text_color=&#8221;#FFFFFF&#8221; module_font_size=&#8221;20px&#8221; background_color=&#8221;rgba(0,0,0,0)&#8221; background_image=&#8221;https://preview.qroo.gob.mx/inicio/wp-content/uploads/2020/10/landing-header-business_qroo.png&#8221; width=&#8221;100%&#8221; height=&#8221;139px&#8221; custom_margin=&#8221;0px||||false|false&#8221; animation_style=&#8221;fade&#8221; hover_enabled=&#8221;0&#8243; custom_css_main_element=&#8221;background-size: cover;||background-repeat: no-repeat;||&#8221; box_shadow_style=&#8221;preset1&#8243; text_shadow_style=&#8221;preset1&#8243; text_shadow_blur_strength=&#8221;0.24em&#8221; text_shadow_color=&#8221;#000000&#8243; sticky_enabled=&#8221;0&#8243;]
<h1 style="text-align: center;"><span class="field field--name-title field--type-string field--label-hidden">Parque Industrial RFE</span></h1>
<p>[/et_pb_ca_fullwidth_section_primary][/et_pb_section][et_pb_section fb_built=&#8221;1&#8243; _builder_version=&#8221;4.6.5&#8243; _module_preset=&#8221;default&#8221;][et_pb_row _builder_version=&#8221;4.6.5&#8243; _module_preset=&#8221;default&#8221;][et_pb_column type=&#8221;4_4&#8243; _builder_version=&#8221;4.6.5&#8243; _module_preset=&#8221;default&#8221;][et_pb_image src=&#8221;https://preview.qroo.gob.mx/inicio/wp-content/uploads/2020/12/EA6KK-IWwAY54An-1.jpg&#8221; title_text=&#8221;EA6KK-IWwAY54An (1)&#8221; align=&#8221;center&#8221; _builder_version=&#8221;4.6.5&#8243; _module_preset=&#8221;default&#8221;][/et_pb_image][et_pb_text _builder_version=&#8221;4.6.5&#8243; _module_preset=&#8221;default&#8221;]
<p style="text-align: justify;"><span>Con la finalidad de mantener sinergias y lazos de trabajo colaborativo, la Cámara Española de Comercio Delegación Quintana Roo estuvo presente durante el inicio de las actividades de inversión del Parque Industrial con Recinto Fiscalizado Estratégico (RFE) en el Estado de Quintana Roo. </span></p>
<p style="text-align: justify;"><span>Dicho régimen consistirá en la introducción de mercancías extranjeras, nacionales o nacionalizadas a un inmueble habilitado como RFE, convirtiéndose con ello en un objeto de manejo, almacenaje, custodia, exhibición, venta, distribución, elaboración, transformación o reparación, con el beneficio de no pagar los impuestos al comercio exterior ni cuotas compensatorias.</span></p>
<p style="text-align: justify;"><span>El evento contó con la presencia de Carlos Joaquín González, Gobernador del Estado de Quintana Roo y de Rosa Elena Lozano, Secretaria de Desarrollo Económico, ambos abundaron en los temas concernientes al régimen aduanero del Recinto Fiscalizado Estratégico.</span></p>
<p style="text-align: justify;"><span>En ese sentido, se destacaron algunos de los beneficios para los operadores del régimen de RFE siendo los más relevantes la aplicación del 0% de impuestos al valor agregado y del Impuesto Especial sobre Producción y Servicios. Además de aplicar el Derecho de Tramite Aduanal (DTA)  de 1.76 al millar para activo fijo y cuota fija de $280.00 para el resto de las mercancías.</span></p>
<p style="text-align: justify;"><span>Así como el permiso para ingresar mercancías nacionales para almacenaje sin considerarlas exportación definitiva y el obtener de manera automática la prórroga de vigencia, previa solicitud y se incrementan los plazos para realizar rectificación de origen y rectificaciones generales. </span></p>
<p style="text-align: justify;"><span>Como punto importante se destacó la ubicación colindante del recinto fiscal ubicado en la franja fronteriza del país, ya que esto facilitará el proceso de introducción o extracción de mercancías del comercio exterior, bajo el esquema de despacho conjunto.</span></p>
<p style="text-align: justify;"><span>De igual forma, se hizo mención de la inscripción inmediata en el padrón de importadores de sectores específicos una vez que las empresas cuenten con la autorización del operador del régimen de RFE. </span></p>
<p style="text-align: justify;"><span>A su vez, la Secretaria de Desarrollo Económico mencionó la oportunidad de otorgar importantes incentivos fiscales, estatales y municipales; como: Impuestos sobre nómina y sobre uso o tenencia vehicular, Trámite ante el Registro Público de la Propiedad y del Comercio; Dictamen sanitario de establecimientos y verificación sanitaria, entre otros.</span></p>
<p>[/et_pb_text][/et_pb_column][/et_pb_row][/et_pb_section]

[vc_row][vc_column][vc_column_text]

<img src="https://pbs.twimg.com/media/EA6KK-IWwAY54An.jpg" alt="Resultado de imagen para parque industrial RFE" />

[/vc_column_text][/vc_column][/vc_row][vc_row][vc_column][vc_empty_space][/vc_column][/vc_row][vc_row][vc_column][vc_column_text]
<p style="text-align: justify;"><span style="font-family: futura-medium-bt; font-size: 12pt;">Con la finalidad de mantener sinergias y lazos de trabajo colaborativo, la Cámara Española de Comercio Delegación Quintana Roo estuvo presente durante el inicio de las actividades de inversión del Parque Industrial con Recinto Fiscalizado Estratégico (RFE) en el Estado de Quintana Roo. </span></p>
<p style="text-align: justify;"><span style="font-family: futura-medium-bt; font-size: 12pt;">Dicho régimen consistirá en la introducción de mercancías extranjeras, nacionales o nacionalizadas a un inmueble habilitado como RFE, convirtiéndose con ello en un objeto de manejo, almacenaje, custodia, exhibición, venta, distribución, elaboración, transformación o reparación, con el beneficio de no pagar los impuestos al comercio exterior ni cuotas compensatorias.</span></p>
<p style="text-align: justify;"><span style="font-family: futura-medium-bt; font-size: 12pt;">El evento contó con la presencia de Carlos Joaquín González, Gobernador del Estado de Quintana Roo y de Rosa Elena Lozano, Secretaria de Desarrollo Económico, ambos abundaron en los temas concernientes al régimen aduanero del Recinto Fiscalizado Estratégico.</span></p>
<p style="text-align: justify;"><span style="font-family: futura-medium-bt; font-size: 12pt;">En ese sentido, se destacaron algunos de los beneficios para los operadores del régimen de RFE siendo los más relevantes la aplicación del 0% de impuestos al valor agregado y del Impuesto Especial sobre Producción y Servicios. Además de aplicar el Derecho de Tramite Aduanal (DTA)  de 1.76 al millar para activo fijo y cuota fija de $280.00 para el resto de las mercancías.</span></p>
<p style="text-align: justify;"><span style="font-family: futura-medium-bt; font-size: 12pt;">Así como el permiso para ingresar mercancías nacionales para almacenaje sin considerarlas exportación definitiva y el obtener de manera automática la prórroga de vigencia, previa solicitud y se incrementan los plazos para realizar rectificación de origen y rectificaciones generales. </span></p>
<p style="text-align: justify;"><span style="font-family: futura-medium-bt; font-size: 12pt;">Como punto importante se destacó la ubicación colindante del recinto fiscal ubicado en la franja fronteriza del país, ya que esto facilitará el proceso de introducción o extracción de mercancías del comercio exterior, bajo el esquema de despacho conjunto.</span></p>
<p style="text-align: justify;"><span style="font-family: futura-medium-bt; font-size: 12pt;">De igual forma, se hizo mención de la inscripción inmediata en el padrón de importadores de sectores específicos una vez que las empresas cuenten con la autorización del operador del régimen de RFE. </span></p>
<p style="text-align: justify;"><span style="font-family: futura-medium-bt; font-size: 12pt;">A su vez, la Secretaria de Desarrollo Económico mencionó la oportunidad de otorgar importantes incentivos fiscales, estatales y municipales; como: Impuestos sobre nómina y sobre uso o tenencia vehicular, Trámite ante el Registro Público de la Propiedad y del Comercio; Dictamen sanitario de establecimientos y verificación sanitaria, entre otros.</span></p>
<!-- /wp:paragraph -->[/vc_column_text][/vc_column][/vc_row]
